4*k - 1. Let v be g(r). Let l = v - 15. Calculate the remainder when 32 is divided by l.
15
Let n = 12 + -20. Let w = -5 - n. What is the remainder when 15 is divided by w?
0
Let w be (-109 + -1)/2 - -4. Calculate the remainder when -2 + (-1 - w) + -2 is divided by 16.
14
Let w = -6 + 46. Let t(s) = s**3 + 5*s**2 - 6*s + 3. Let b be t(-6). Let z = w - b. What is the remainder when z is divided by 13?
11
Let u be (-6)/9*(-1 + -5). Suppose -2*j = 4*a - 5 + 3, -2*a - 2*j = u. Calculate the remainder when a is divided by 1.
0
Let l = -11 + 16. Let y = 9 - l. Suppose -y*p - 4*h + 60 = 0, 5*h + 58 = -2*p + 4*p. What is the remainder when 55 is divided by p?
17
Let d = -449 - -457. Let j(i) = 2*i - 9. What is the remainder when d is divided by j(6)?
2
Let a(t) = -4*t. Suppose 0 = -i - 19 + 65. Calculate the remainder when i is divided by a(-4).
14
Let r(f) = -f + 12. Let n be 1/5 - 98/(-10). Let w be r(n). Suppose -w*g = -6 + 2. Calculate the remainder when g is divided by 1.
0
Let v = 5 + -10. Suppose 3*i - 4*i - 2*w + 6 = 0, w = -5*i + 75. What is the remainder when 47 + 1 - v/(-5) is divided by i?
15
Suppose 5*d - 2*t - 4 = 0, t + 2 = 2*d + 1. Let g be (20/(-15))/((-4)/(-18)). What is the remainder when d is divided by ((-3)/g - 1)*-2?
0
Let s(v) = -v**2 - 18*v - 9. Calculate the remainder when s(-9) is divided by 15.
12
Suppose 5*o + 5*u - 282 + 22 = 0, 2*o = 4*u + 86. Let v(h) = -14*h**3 - h**2 - h - 1. What is the remainder when o/2 + 4/8 is divided by v(-1)?
12
What is the remainder when -82*2/(4/(-1)) is divided by 15?
11
Suppose 0*g - 3*g + 5*t = -98, -4*g + t + 108 = 0. Let m = -250 + 259. What is the remainder when g is divided by m?
8
Let d(i) = 12*i**2 + 7*i + 6. What is the remainder when d(-3) is divided by 24?
21
Let w = 30 - 17. Let g(r) = 9*r**2 + 1. Let n be g(2). Let j = 88 - n. Calculate the remainder when j is divided by w.
12
Let x(r) = r**2 + 10*r + 13. Let g(l) = -2*l**2 - 7*l - 5. Let j be g(-4). What is the remainder when x(j) is divided by 3?
1
Let x = -16 + 34. Suppose 0 = -i + 3*i - 90. Suppose 5*a - i = 5. Calculate the remainder when x is divided by a.
8
Suppose -253 = 5*q - 3*c, q + 2*q + 152 = 2*c. Let h = -20 - q. Calculate the remainder when h is divided by 11.
8
Let i(q) = -q**3 - 4*q**2 - 3*q + 2. Let o be i(-3). Suppose -o*v + 81 = v. Suppose 4 - v = -z. What is the remainder when z is divided by 8?
7
Let d be (-2 - -1) + 8 + -6. Suppose u = 3*u + h + d, 2*h = -2*u. Let z = u - -5. What is the remainder when 10 is divided by z?
2
Let n be 6/4 + 119/2. Let j = n + -42. What is the remainder when j is divided by 7?
5
Suppose -102 = -4*m + 14. Let t be (-2 + 1)/((-2)/68). Suppose 2*y - t = -14. Calculate the remainder when m is divided by y.
9
Suppose -g + 6*g - 65 = 0. Let y(q) = 6*q**2 - 3*q - 5. Let s be y(4). Let o = s + -42. What is the remainder when o is divided by g?
11
What is the remainder when 35 is divided by ((-1 - 0) + 19)/2?
8
Let f be -1 + -1 + 9 - -3. Calculate the remainder when (132/f)/((-12)/(-30)) is divided by 9.
6
Let l = 30 + -6. What is the remainder when 46 is divided by l?
22
Calculate the remainder when (7 - (-114)/(-18))/(2/147) is divided by (-2)/7 - (-186)/14.
10
Suppose 0*y = p + 2*y + 2, -18 = -5*p - 3*y. Suppose -c - 2*c = -p, -4*c + 2 = -3*v. Suppose 22 = -v*d + 4*d. Calculate the remainder when 43 is divided by d.
10
Suppose 2*i - 7*i = -4*z + 13, -2*i - 19 = 3*z. Calculate the remainder when 118 is divided by ((-45)/(-1))/(z/(-2)).
28
Let r = -13 - -16. Suppose -125 = -3*w - a, r*w - 65 = 2*a + 63. Calculate the remainder when w is divided by 15.
12
Suppose 5 - 53 = -3*o. Calculate the remainder when 61 is divided by o.
13
Let c(a) = -a**2 - 8*a - 7. Let k(q) = -2*q**3 + 4*q**2 + 2*q**2 - 2*q**2 - 3*q. Let n be k(2). What is the remainder when c(n) is divided by 2?
1
Let j(s) = s**2 - 13*s + 5. What is the remainder when 29 is divided by j(14)?
10
Let l(d) = -4*d - 12. Suppose -4*z = 3*a + 33, -19 = 2*z - 3*a + 2. What is the remainder when l(z) is divided by 13?
11
Suppose -4*n = -c - 2*n + 43, 223 = 5*c - 2*n. Let a(z) = 16*z**3 - z**2 + 1. What is the remainder when c is divided by a(1)?
13
Suppose 8*v = 3*v - b + 308, 4*b = 3*v - 194. Calculate the remainder when v is divided by 7.
6
Let s = 9 + 9. Let h be ((-1)/(-2))/((-1)/(-26)). Suppose 0 = 10*g - h*g + 213. What is the remainder when g is divided by s?
17
Suppose -12*o + 10*o = -2. Let n(g) = 35*g**3 + g. What is the remainder when n(o) is divided by 13?
10
Let c(k) = 2*k**2 - 8*k - 4. Let v = -72 - -83. What is the remainder when c(6) is divided by v?
9
Let g be (-258)/8 - 3/4. Let f be 3 + (g + -2 - 0). Let i = -19 - f. Calculate the remainder when 23 is divided by i.
10
Let y = 161 - 153. What is the remainder when 15 is divided by y?
7
Suppose 0 = 4*q - 3*q - 69. What is the remainder when q + (-5)/((-15)/(-6)) is divided by 23?
21
Let l(h) = h**2 - 2*h - 3. Let j be l(-4). What is the remainder when 77 is divided by (-6)/j + (-368)/(-14)?
25
What is the remainder when 10 is divided by 48/9 + (-2)/(-3)?
4
Let i(z) = -8*z + 2. What is the remainder when 98 is divided by i(-4)?
30
Suppose -2*o - 9 = -w + 2*w, -5*w + o + 10 = 0. Let b(n) = -w - 10*n - 5 - n. Calculate the remainder when b(-4) is divided by 13.
12
Let r = 12 - 1. Suppose 0 = -u - 3*u + 8. Suppose -u*d + 35 = -27. What is the remainder when d is divided by r?
9
Suppose 4*a + 3*m - 77 = 186, -4*m = -5*a + 290. Calculate the remainder when a is divided by 13.
10
Suppose -4*r + 14 = 2*v, -r - r + 1 = 3*v. Suppose r*p = 2 + 138. What is the remainder when p is divided by 15?
13
What is the remainder when 80 is divided by -2 - ((-325)/39 + (-2)/3)?
3
Suppose -3*r = -r - 156. What is the remainder when r is divided by 21?
15
Suppose -5*c - 11*c + 288 = 0. Calculate the remainder when 88 is divided by c.
16
Suppose 24 = 5*w - 36. Let d(b) be the second derivative of -b**4/12 + 2*b**3 - b. What is the remainder when d(5) is divided by w?
11
Let z = 4 + -2. What is the remainder when (z + -1)*-1 + 23 is divided by -5*(-1 + (-21)/15)?
10
Let n(u) = u**2 + 7*u - 1. Let p be n(-8). Suppose 4*g + j = 7, g + 2*j - p = -0. Let x = 13 - g. What is the remainder when 23 is divided by x?
11
Let d(u) = u**3 + 2*u + 14. Calculate the remainder when 52 is divided by d(0).
10
Let y(x) = x**2 - x + 68. Let w be y(0). Let n = w + -48. What is the remainder when n is divided by ((-24)/2 + 1)*-1?
9
Suppose -3*k = -6*k - 2*v - 52, 0 = -5*v - 25. Let w = k + 60. What is the remainder when w is divided by 16?
14
Calculate the remainder when ((-26)/(-3))/(42/63) is divided by 7.
6
Let b = 268 + -261. Suppose -4*r = -66 - 62. What is the remainder when r is divided by b?
4
Let w(o) be the second derivative of o**4/12 + o**3 + 2*o**2 - 5*o. Calculate the remainder when 19 is divided by w(-7).
8
Let q = -2 + 5. What is the remainder when q*-2*244/(-24) is divided by 16?
13
Suppose 0 = 3*t - 12 - 33. What is the remainder when 43 is divided by t?
13
Let n(a) = -2*a + 1. Let c be n(9). Let t(r) = r**2 + 17*r + 7. Calculate the remainder when 10 is divided by t(c).
3
Suppose 13*s + 74 - 269 = 0. Let o = -104 - -148. What is the remainder when o is divided by s?
14
Suppose 14 = -3*c + 2*l, 2*c - 4*c = -5*l + 2. Let s = 0 - c. Calculate the remainder when 16 is divided by s.
4
Let c = 0 - -17. Suppose 0 = z + 7 + c. Calculate the remainder when 34 is divided by (z/10)/((-3)/15).
10
Let b(w) = w**3 + 7*w**2 + 13. What is the remainder when b(-7) is divided by 3?
1
Let r(y) = 21*y**2 + 4*y + 7. What is the remainder when r(-2) is divided by 21?
20
Calculate the remainder when (-42)/63*(1 + -40) is divided by 9.
8
Suppose 3*c + 2*y - 37 = -2*y, -3*y - 15 = 0. What is the remainder when 91 is divided by c?
15
Suppose -2*i = -7*i + 225. Calculate the remainder when i is divided by 82/5 - (-8)/(-20).
13
Suppose -327 = -12*f + 213. Calculate the remainder when f is divided by 12.
9
Let r = 32 - 24. What is the remainder when 11 is divided by r?
3
Suppose 5*s = -4*i + 73, -3*s = 8*i - 3*i - 36. Let n = -4 - -64. Let j = 92 - n. What is the remainder when j is divided by s?
15
Suppose t - 12 - 1 = 0. Suppose t = -y + 5*s, -2*s + 9 = 5*y - 7. Suppose 3*r = -y*r + 215. What is the remainder when r